
In base 13, what is -12 - 18?
-2a
In base 8, what is -10 - 31?
-41
In base 5, what is -1204 - 1?
-1210
In base 10, what is -962 + -3?
-965
In base 5, what is 202 - 0?
202
In base 10, what is 2 + 71?
73
In base 11, what is -122 - -3?
-11a
In base 16, what is -2 - 128?
-12a
In base 15, what is -15 + -a?
-20
In base 13, what is 2a7 + 3?
2aa
In base 4, what is -2231101 - -11?
-2231030
In base 4, what is 20 - -1?
21
In base 13, what is -c + 7?
-5
In base 13, what is 227 + 2?
229
In base 15, what is 10ce - 4?
10ca
In base 4, what is -1 - -22?
21
In base 2, what is -110 - 100001?
-100111
In base 4, what is -112102 - -3?
-112033
In base 13, what is 2b - -6?
34
In base 12, what is 5 - -6a9?
6b2
In base 9, what is 2 + 11?
13
In base 12, what is -6 - 16?
-20
In base 6, what is -53233 + 0?
-53233
In base 11, what is 295 + -3?
292
In base 2, what is 10000 - -10011010?
10101010
In base 10, what is 264 + -2?
262
In base 10, what is 91 + -8?
83
In base 10, what is 8 - -211?
219
In base 9, what is -5 + 205?
200
In base 10, what is 2 - 77?
-75
In base 4, what is -120 - -1?
-113
In base 12, what is 43 + 6?
49
In base 2, what is -101 + 1100010000110?
1100010000001
In base 10, what is 7 - -184?
191
In base 16, what is -24e + -7?
-255
In base 16, what is 2a7 - -f?
2b6
In base 2, what is 1 - -10101101100?
10101101101
In base 11, what is 5 - -240?
245
In base 10, what is 0 + -236?
-236
In base 12, what is -3b + -1?
-40
In base 7, what is 141 - 2?
136
In base 4, what is 3 - 3210?
-3201
In base 6, what is 3211 - -5?
3220
In base 5, what is 2 + -234?
-232
In base 4, what is 2012 + -30?
1322
In base 5, what is 10 + 21211?
21221
In base 15, what is -4b + 2?
-49
In base 10, what is 105 - -3?
108
In base 5, what is -104023 + -3?
-104031
In base 8, what is 1040 - 12?
1026
In base 7, what is -16 - 204?
-223
In base 6, what is -2550 + 3?
-2543
In base 15, what is -2 - -91?
8e
In base 13, what is -15 + a20?
a08
In base 13, what is -23a - 0?
-23a
In base 9, what is 4 + -5628?
-5624
In base 7, what is 101230 - 5?
101222
In base 13, what is 3 + 1662?
1665
In base 16, what is -1 + -2?
-3
In base 13, what is -767 + -3?
-76a
In base 6, what is -4 + 10?
2
In base 10, what is 0 - -7?
7
In base 11, what is 1855 + 4?
1859
In base 2, what is 11 - 1010011001?
-1010010110
In base 2, what is -1 - -1111100100001?
1111100100000
In base 6, what is 245 + -4?
241
In base 6, what is -1254023 + -2?
-1254025
In base 10, what is 2 + -1135?
-1133
In base 4, what is 13 + -3302?
-3223
In base 10, what is -2 + 137?
135
In base 10, what is 12 - 90?
-78
In base 15, what is -226 + -39?
-260
In base 11, what is 1 + 184?
185
In base 2, what is 11 + -11000000?
-10111101
In base 8, what is -6 - 63?
-71
In base 16, what is -7a7 + 0?
-7a7
In base 10, what is 927 - 0?
927
In base 13, what is 4 + -31a?
-316
In base 12, what is -4 - -1236?
1232
In base 15, what is 52 + 21?
73
In base 3, what is -10 + -1112?
-1122
In base 16, what is -1 + e6?
e5
In base 8, what is -6 + 14?
6
In base 4, what is 2 + 101?
103
In base 15, what is 9 - -164?
16d
In base 11, what is 3 - 3aa?
-3a7
In base 6, what is 41 - 14?
23
In base 3, what is -12 - -2021202?
2021120
In base 2, what is -10101 + -10101111?
-11000100
In base 6, what is 43 - -1?
44
In base 13, what is -10 + 65?
55
In base 15, what is 208 + 2?
20a
In base 15, what is -124 + -1?
-125
In base 15, what is -613 + -3?
-616
In base 11, what is 1 + -50?
-4a
In base 12, what is -1 - 33?
-34
In base 3, what is -21 + 10120?
10022
In base 8, what is 277 + 4?
303
In base 6, what is 333 - -45?
422
In base 8, what is 712 - 1?
711
In base 9, what is -4 - 414?
-418
In base 8, what is 3 - -2?
5
In base 14, what is 2a - -5?
31
In base 16, what is 1 - -37?
38
In base 13, what is -146 + -6?
-14c
In base 6, what is -2 + -52?
-54
In base 12, what is -17a1 - 4?
-17a5
In base 12, what is 1529 + 3?
1530
In base 13, what is -28 - -a2?
77
In base 3, what is -20101 - -11?
-20020
In base 2, what is -10110001100 - 10?
-10110001110
In base 3, what is -21 - -11002002?
11001211
In base 14, what is -c4 - 5?
-c9
In base 6, what is 25 - 444?
-415
In base 3, what is 112 + 21101?
21220
In base 12, what is -285 - 1?
-286
In base 7, what is -54 - -6?
-45
In base 9, what is 3135 - -5?
3141
In base 8, what is 4 - 240?
-234
In base 6, what is 1044 - 11?
1033
In base 8, what is -544 - 5?
-551
In base 10, what is -120 + 0?
-120
In base 8, what is 4 - 4?
0
In base 16, what is 1 - 123?
-122
In base 14, what is 1300 - 3?
12db
In base 6, what is -20 + 250?
230
In base 10, what is 52 - 36?
16
In base 6, what is -12 + 0?
-12
In base 5, what is -10 + -122243?
-122303
In base 10, what is 2 + 1512?
1514
In base 10, what is 314 - -3?
317
In base 2, what is -100 - -1000010?
111110
In base 10, what is 47 + 14?
61
In base 4, what is 11130331 + -10?
11130321
In base 9, what is 3 + -4?
-1
In base 14, what is 4 - -2745?
2749
In base 14, what is 15 - -91?
a6
In base 13, what is -914 + -2?
-916
In base 15, what is 1 + 41?
42
In base 2, what is 1000100 + 1000010?
10000110
In base 11, what is -52 - -5?
-48
In base 12, what is 304 - -2?
306
In base 7, what is -4 + 141?
134
In base 5, what is 301 - 11?
240
In base 5, what is -3 - -3134?
3131
In base 10, what is 224 + -5?
219
In base 7, what is 21 + -40?
-16
In base 14, what is -1 - 2?
-3
In base 11, what is -2 + -25?
-27
In base 14, what is 4 + -202?
-1dc
In base 10, what is -10 - -766?
756
In base 4, what is 301 + 12?
313
In base 4, what is -1121 + -202?
-1323
In base 4, what is -2 + -1023011?
-1023013
In base 4, what is 13 + 11131?
11210
In base 9, what is -16 - 206?
-223
In base 16, what is -5 + -9?
-e
In base 11, what is 13 + 1?
14
In base 9, what is 1 + -213?
-212
In base 16, what is 3 + -11?
-e
In base 2, what is -10110 + 1000101?
101111
In base 16, what is -2 - a1?
-a3
In base 8, what is 120 - 4?
114
In base 5, what is 214 - -11?
230
In base 12, what is 3 + 21a?
221
In base 2, what is -101010 + -10001?
-111011
In base 13, what is -878 - -4?
-874
In base 11, what is 5 + -51?
-47
In base 12, what is -4 + -3803?
-3807
In base 15, what is 74 + 0?
74
In base 10, what is -825 - -1?
-824
In base 2, what is -110 - -101000?
100010
In base 5, what is -141 + 1?
-140
In base 10, what is 10 + -310?
-300
In base 15, what is 61 - -68?
c9
In base 2, what is -1001 + -1101000?
-1110001
In base 11, what is 241 - -3?
244
In base 8, what is 6 - -7?
15
In base 11, what is -172 + -36?
-1a8
In base 14, what is -1 - 22?
-23
In base 3, what is -1111202 - 2?
-1111211
In base 15, what is -4b8d - -3?
-4b8a
In base 11, what is 2a79 - -1?
2a7a
In base 10, what is 7767 - -1?
7768
In base 9, what is -3 - 216?
-220
In base 4, what is 32330 + 122?
33112
In base 8, what is 4 + 310?
314
In base 9, what is -482 - -6?
-475
In base 4, what is -13 + 22330?
22311
In base 12, what is -347 - 4?
-34b
In base 6, what is 3 - -154?
201
In base 2, what is -100 - -110?
10
In base 3, what is 201101 + -12?
201012
In base 6, what is 50 + 4?
54
In base 12, what is 1 - -131?
132
In base 10, what is 73 - -29?
102
In base 15, what is 1e + 1c?
3b
In base 10, what is -46 + -1?
-47
In base 13, what is -575 + -2?
-577
In base 10, what is -1 - -350?
349
In base 11, what is 0 - -45?
45
In base 12, what is 14 + 51?
65
In base 7, what is 5 + 1?
6
In base 3, what is 11 - 1110210?
-1110122
In base 9, what is -3 + 253?
250
In base 15, what is 5 + -71?
-6b
In base 8, what is 12 - -1560?
1572
In base 12, what is 16 + -53?
-39
In base 6, what is -5 - 2124?
-2133
In base 10, what is 52 - 48?
4
In base 15, what is 8 - 44?
-3b
In base 16, what is 24 - 2?
22
In base 5, what is 234 + -332?
-43
In base 5, what is -4331 - -133?
-4143
In base 5, what is -1200 + 0?
-1200
In base 11, what is 3 + 16a?
172
In base 11, what is 67 + -2?
65
In base 6, what is 251 - 2?
245
In base 11, what is -14 + 20?
7
In base 11, what is 25 - -4?
29
In base 9, what is 12 - 208?
-186
In base 4, what is -1230302 - 10?
-1230312
In base 3, what is -1210212 - 0?
-1210212
In base 12, what is -2 + 280?
27a
In base 3, what is -2002 + 21?
-1211
In base 2, what is -110100101011 + -100?
-110100101111
In base 14, what is -13 + -190?
-1a3
In base 2, what is 100 + -110000?
-101100
In base 15, what is 8 - 4?
4
In base 5, what is -124443 - 1?
-124444
In base 3, what is 12 + -1122222?
-1122210
